r?
True
Is 7668251 a composite number?
False
Is 11693471 a composite number?
False
Is 175526993 composite?
False
Is 13804217 a composite number?
True
Is 2474023 prime?
False
Is 410803249 prime?
False
Is 665429 prime?
True
Is 135012481 a prime number?
True
Is 7630709 prime?
True
Is 993557 a prime number?
True
Is 609779 a prime number?
True
Is 10287089 a composite number?
False
Is 33123269 a prime number?
False
Is 1027489 prime?
True
Is 1448593 prime?
True
Is 29661393 a composite number?
True
Is 1979773 composite?
False
Is 12546961 a prime number?
False
Is 1707833 a composite number?
False
Is 62615789 a prime number?
True
Is 782257 a composite number?
True
Is 3637057 composite?
False
Is 10870901 a prime number?
True
Is 9136261 prime?
True
Is 65683922 prime?
False
Is 57396197 composite?
True
Is 156307 a prime number?
True
Is 205871483 composite?
True
Is 6572029 prime?
True
Is 898421 prime?
True
Is 119446169 a prime number?
True
Is 1090373 composite?
False
Is 55908253 a composite number?
False
Is 517616189 composite?
False
Is 282035483 composite?
False
Is 32411261 a prime number?
False
Is 473971 a prime number?
True
Is 621413249 a composite number?
False
Is 340146197 a prime number?
True
Is 21134363 a composite number?
True
Is 19353661 composite?
False
Is 23066393 a composite number?
True
Is 1375069 a prime number?
False
Is 11756737 a prime number?
True
Is 23866093 a composite number?
True
Is 10222999 a composite number?
False
Is 326031473 composite?
False
Is 58202138 a composite number?
True
Is 1133219 a composite number?
False
Is 1842349 a prime number?
True
Is 330790681 a composite number?
True
Is 89958109 a composite number?
False
Is 38036617 a prime number?
False
Is 92558813 a composite number?
False
Is 1456381 prime?
True
Is 407123131 composite?
True
Is 75400159 a composite number?
False
Is 2374601 prime?
False
Is 3754607 a prime number?
True
Is 9804329 a composite number?
True
Is 1701179 composite?
False
Is 22258637 prime?
False
Is 99309517 prime?
False
Is 47700566 a prime number?
False
Is 98095849 composite?
False
Is 4061177 a composite number?
False
Is 12611629 composite?
True
Is 124751531 prime?
False
Is 7949939 composite?
True
Is 16960579 composite?
False
Is 47345905 prime?
False
Is 905951 a prime number?
True
Is 427763101 composite?
False
Is 16545757 composite?
True
Is 5977843 a composite number?
False
Is 3773261 prime?
False
Is 267526747 composite?
True
Is 71159767 composite?
True
Is 175286669 composite?
False
Is 219179 a prime number?
False
Is 994919 a prime number?
False
Is 83841683 composite?
True
Is 10282241 a composite number?
True
Is 22356553 a prime number?
True
Is 7230851 a composite number?
False
Is 3375851 a prime number?
False
Is 3662357 a prime number?
False
Is 492509 a prime number?
False
Is 10320787 a composite number?
False
Is 36611143 a prime number?
True
Is 6220309 prime?
False
Is 43590059 composite?
False
Is 7227197 prime?
True
Is 2537959 a prime number?
True
Is 542297 a prime number?
False
Is 39306417 a prime number?
False
Is 63061259 a prime number?
False
Is 5276077 a composite number?
False
Is 45799211 a composite number?
False
Is 67376247 a composite number?
True
Is 12279779 a prime number?
True
Is 9189599 a composite number?
False
Is 17161379 composite?
False
Is 303052961 a prime number?
True
Is 21798107 a composite number?
False
Is 5124521 prime?
True
Is 2147941 composite?
False
Is 32839363 prime?
False
Is 3035013 composite?
True
Is 33013469 a composite number?
True
Is 63524327 composite?
False
Is 1150729 a prime number?
True
Is 48831119 prime?
False
Is 1106033 composite?
True
Is 2112881 composite?
True
Is 747377 a prime number?
True
Is 25281589 a prime number?
True
Is 10677001 prime?
False
Is 2527489 a composite number?
False
Is 19234139 a composite number?
True
Is 315478213 a prime number?
True
Is 3879093 a prime number?
False
Is 682141 composite?
False
Is 14143918 composite?
True
Is 1574627 prime?
True
Is 1329871 composite?
False
Is 71953697 a composite number?
True
Is 14046589 a prime number?
True
Is 114568607 composite?
False
Is 43000761 a composite number?
True
Is 864388657 a composite number?
True
Is 31712927 a composite number?
False
Is 13817539 a composite number?
True
Is 1116163 a prime number?
True
Is 8910901 prime?
False
Is 7492663 a prime number?
False
Is 625909 prime?
True
Is 5858891 a composite number?
True
Is 170276357 composite?
True
Is 957811 a prime number?
True
Is 200742755 a composite number?
True
Is 7425871 composite?
True
Is 248862667 prime?
True
Is 750266927 prime?
False
Is 63791107 a prime number?
True
Is 59458177 prime?
True
Is 1951215931 prime?
False
Is 14997167 composite?
False
Is 6653909 a composite number?
True
Is 14883907 composite?
False
Is 10729 prime?
True
Is 737 composite?
True
Is 8382349 a prime number?
True
Is 42832813 prime?
True
Is 11272703 a composite number?
True
Is 2071957 prime?
True
Is 63600133 prime?
True
Is 31858181 composite?
False
Is 51234577 a prime number?
True
Is 89801563 prime?
True
Is 1554757 a prime number?
True
Is 8967507 prime?
False
Is 15101413 a composite number?
False
Is 290429893 a composite number?
True
Is 3690131 prime?
False
Is 4322357 a composite number?
True
Is 1231777 composite?
True
Is 54259253 composite?
False
Is 115141018 a prime number?
False
Is 5140757 composite?
True
Is 34559542 prime?
False
Is 130145981 a composite number?
True
Is 116166857 prime?
False
Is 1662607 a composite number?
True
Is 780556477 prime?
False
Is 2239385311 composite?
False
Is 12564599 a composite number?
False
Is 1594673 composite?
True
Is 613846949 composite?
True
Is 10463593 a composite number?
True
Is 7037089 a prime number?
True
Is 36828733 a composite number?
True
Is 57443989 composite?
False
Is 257539 prime?
True
Is 14408201 a composite number?
False
Is 1192889 a prime number?
True
Is 3569021 a prime number?
True
Is 11556767 a prime number?
True
Is 158629051 a composite number?
True
Is 2108291 a prime number?
True
Is 5331817 composite?
False
Is 12147983 composite?
False
Is 464267 a prime number?
False
Is 164279609 prime?
False
Is 82070231 prime?
False
Is 1701223 a composite number?
True
Is 1404495227 prime?
False
Is 35655373 a composite number?
True
Is 78571873 a prime number?
False
Is 176671213 composite?
False
Is 115307 prime?
False
Is 25960411 prime?
False
Is 72222107 prime?
True
Is 2009011 composite?
False
Is 19622495 prime?
False
Is 72107653 composite?
True
Is 3412907 a composite number?
False
Is 24606161 a composite number?
False
Is 1044497 a prime number?
False
Is 1717419511 a composite number?
False
Is 53376289 a prime number?
False
Is 3870299 prime?
True
Is 1292569 a composite number?
True
Is 15008153 a prime number?
True
Is 4677989 a composite number?
False
Is 8900591 a composite number?
True
Is 15772607 a composite number?
True
Is 9374503 composite?
False
Is 1421561573 composite?
True
Is 2032991 composite?
False
Is 16261493 prime?
True
Is 3067291 a prime number?
False
Is 8779 a prime number?
True
Is 2870443 prime?
True
Is 80418038 composite?
True
Is 1889957 a prime number?
True
Is 206276207 a composite number?
True
Is 322193 composite?
False
Is 122704079 prime?
False
Is 5220767 a composite number?
False
Is 48268393 prime?
True
Is 5842087 a composite number?
False
Is 31262489 composite?
False
Is 6807863 prime?
True
Is 401922697 a prime number?
False
Is 12340841 composite?
False
Is 36972322 a composite number?
True
Is 27915007 a composite number?
True
Is 1529027 composite?
False
Is 1045621 a prime number?
True
Is 22497842 a prime number?
False
Is 161708843 prime?
False
Is 4316953 a composite number?
True
Is 1704341 a prime number?
False
Is 1430915411 a prime number?
False
Is 1379481317 composite?
False
Is 28984567 prime?
True
Is 331781 a prime number?
True
Is 6666773 a prime number?
False
Is 9441659 a prime number?
False
Is 386389513 composite?
False
Is 5977487 a prime number?
True
Is 54796639 composite?
False
Is 1053293 prime?
True
Is 5367031 composite?
False
Is 637513 a prime number?
True
Is 255390383 composite?
False
Is 12119197 composite?
False
Is 599126981 a prime number?
False
Is 191339 composite?
False
Is 659201 composite?
True
Is 8072329 a composite number?
False
Is 3273551 composite?
True
Is 3502333 composite?
False
Is 823583 a prime numbe